635 is divided by 640.
635
Calculate the remainder when 1102014 is divided by 45.
9
What is the remainder when 24707 is divided by 2049?
119
What is the remainder when 3073 is divided by 548?
333
Calculate the remainder when 97691 is divided by 32562.
5
What is the remainder when 165342 is divided by 78?
60
What is the remainder when 97358 is divided by 5?
3
What is the remainder when 328748 is divided by 1777?
3
What is the remainder when 1046 is divided by 513?
20
What is the remainder when 4151 is divided by 517?
15
Calculate the remainder when 7894 is divided by 85.
74
Calculate the remainder when 1260 is divided by 16.
12
What is the remainder when 324439 is divided by 57?
52
Calculate the remainder when 5378 is divided by 1751.
125
What is the remainder when 3189687 is divided by 18?
15
Calculate the remainder when 427686 is divided by 753.
735
Calculate the remainder when 31078 is divided by 40.
38
What is the remainder when 13089 is divided by 6486?
117
Calculate the remainder when 4405 is divided by 340.
325
Calculate the remainder when 1498 is divided by 1446.
52
What is the remainder when 577697 is divided by 144421?
13
What is the remainder when 2150848 is divided by 39?
37
What is the remainder when 12147 is divided by 98?
93
What is the remainder when 2170 is divided by 225?
145
What is the remainder when 48873 is divided by 106?
7
What is the remainder when 5356 is divided by 1775?
31
Calculate the remainder when 264411 is divided by 1017.
1008
What is the remainder when 3785 is divided by 541?
539
What is the remainder when 2285357 is divided by 245?
242
Calculate the remainder when 3179704 is divided by 98.
94
Calculate the remainder when 165329 is divided by 330.
329
What is the remainder when 3507 is divided by 344?
67
What is the remainder when 22412 is divided by 4479?
17
What is the remainder when 96288 is divided by 103?
86
Calculate the remainder when 54648 is divided by 411.
396
What is the remainder when 974 is divided by 140?
134
What is the remainder when 37164 is divided by 6189?
30
What is the remainder when 729972 is divided by 22?
12
What is the remainder when 3477 is divided by 8?
5
Calculate the remainder when 20521 is divided by 78.
7
What is the remainder when 53711 is divided by 76?
55
Calculate the remainder when 6474 is divided by 55.
39
Calculate the remainder when 3016 is divided by 196.
76
What is the remainder when 1466804 is divided by 3860?
4
What is the remainder when 68258 is divided by 573?
71
Calculate the remainder when 228540 is divided by 76174.
18
Calculate the remainder when 102062 is divided by 39.
38
Calculate the remainder when 10375 is divided by 22.
13
What is the remainder when 183766 is divided by 38?
36
What is the remainder when 152199 is divided by 855?
9
Calculate the remainder when 5100 is divided by 561.
51
What is the remainder when 9621 is divided by 1917?
36
What is the remainder when 6231 is divided by 1667?
1230
Calculate the remainder when 68684 is divided by 2302.
1926
What is the remainder when 332031 is divided by 256?
255
Calculate the remainder when 12295 is divided by 4078.
61
What is the remainder when 1265 is divided by 449?
367
What is the remainder when 24885 is divided by 199?
10
Calculate the remainder when 25960 is divided by 39.
25
Calculate the remainder when 12626 is divided by 627.
86
What is the remainder when 38998 is divided by 28?
22
Calculate the remainder when 1250 is divided by 225.
125
Calculate the remainder when 201458 is divided by 399.
362
What is the remainder when 7746 is divided by 1915?
86
What is the remainder when 137619 is divided by 70?
69
What is the remainder when 75936 is divided by 130?
16
Calculate the remainder when 319303 is divided by 9978.
7
Calculate the remainder when 4993 is divided by 25.
18
Calculate the remainder when 11305 is divided by 323.
0
Calculate the remainder when 5142 is divided by 62.
58
What is the remainder when 237056 is divided by 118525?
6
Calculate the remainder when 59341 is divided by 2.
1
Calculate the remainder when 745403 is divided by 118.
115
Calculate the remainder when 16803 is divided by 112.
3
Calculate the remainder when 17153 is divided by 1895.
98
What is the remainder when 437968 is divided by 223?
219
Calculate the remainder when 968 is divided by 119.
16
Calculate the remainder when 2918988 is divided by 964.
960
What is the remainder when 70409 is divided by 113?
10
What is the remainder when 5616 is divided by 44?
28
What is the remainder when 10762 is divided by 5361?
40
What is the remainder when 35478 is divided by 8864?
22
Calculate the remainder when 14117 is divided by 95.
57
Calculate the remainder when 43 is divided by 39.
4
What is the remainder when 6264 is divided by 814?
566
Calculate the remainder when 1954 is divided by 473.
62
What is the remainder when 13988 is divided by 68?
48
What is the remainder when 474 is divided by 402?
72
Calculate the remainder when 88526 is divided by 720.
686
What is the remainder when 6376 is divided by 796?
8
What is the remainder when 4723 is divided by 66?
37
Calculate the remainder when 7673 is divided by 3836.
1
Calculate the remainder when 1967 is divided by 722.
523
Calculate the remainder when 9330 is divided by 4636.
58
Calculate the remainder when 1660 is divided by 1069.
591
Calculate the remainder when 73479 is divided by 177.
24
What is the remainder when 2319 is divided by 175?
44
What is the remainder when 1065 is divided by 44?
9
What is the remainder when 55581 is divided by 110?
31
Calculate the remainder when 19763 is divided by 287.
247
Calculate the remainder when 135708 is divided by 12.
0
Calculate the remainder when 48696 is divided by 255.
246
Calculate the remainder when 3816525 is divided by 38.
33
Calculate the remainder when 289094 is divided by 496.
422
Calculate the remainder when 373451 is divided by 645.
641
What is the remainder when 4281 is divided by 48?
9
Calculate the remainder when 42261 is divided by 42260.
1
Calculate the remainder when 2544 is divided by 165.
69
What is the remainder when 72070 is divided by 39?
37
Calculate the remainder when 3528 is divided by 905.
813
Calculate the remainder when 116221 is divided by 628.
41
What is the remainder when 173040 is divided by 7864?
32
Calculate the remainder when 35314 is divided by 3.
1
Calculate the remainder when 49089 is divided by 545.
39
Calculate the remainder when 11642 is divided by 2306.
112
Calculate the remainder when 1280 is divided by 1220.
60
What is the remainder when 2323799 is divided by 13?
10
Calculate the remainder when 3802669 is divided by 849.
847
What is the remainder when 168498 is divided by 5?
3
What is the remainder when 22558 is divided by 564?
562
What is the remainder when 37575 is divided by 18782?
11
Calculate the remainder when 2030 is divided by 37.
32
What is the remainder when 5169 is divided by 2365?
439
Calculate the remainder when 245914 is divided by 137.
136
Calculate the remainder when 4936 is divided by 355.
321
What is the remainder when 25833 is divided by 19?
12
Calculate the remainder when 47186 is divided by 304.
66
Calculate the remainder when 18418 is divided by 738.
706
What is the remainder when 41429 is divided by 41383?
46
Calculate the remainder when 212226 is divided by 143.
14
What is the remainder when 2312 is divided by 559?
76
What is the remainder when 128963 is divided by 258?
221
What is the remainder when 36153 is divided by 138?
135
What is the remainder when 774877 is divided by 10?
7
What is the remainder when 2847 is divided by 565?
22
What is the remainder when 29210 is divided by 22?
16
What is the remainder when 18697 is divided by 374?
371
Calculate the remainder when 57136 is divided by 157.
145
Calculate the remainder when 1139435 is divided by 13.
11
What is the remainder when 39870 is divided by 13290?
0
Calculate the remainder when 2530 is divided by 2379.
151
Calculate the remainder when 96 is divided by 73.
23
What is the remainder when 73561 is divided by 352?
345
Calculate the remainder when 3730 is divided by 259.
104
What is the remainder when 124461 is divided by 26?
25
Calculate the remainder when 21811 is divided by 99.
31
What is the remainder when 55543 is 